*c**4/6 - 7*c**3/6 - 6*c**2 - 1479*c. Calculate g(-10).
58
Suppose 35*w - 45 = -10. Let i(n) = 10*n - 8*n**2 - 19*n + 10*n. Give i(w).
-7
Let m(g) be the first derivative of g**2/2 + 12*g + 1. Suppose 5*u - 5*j = -50, -j + 17 = -8622*u + 8620*u. Give m(u).
5
Suppose 233*q - 86*q + 128*q = 2750. Let x(p) = 3*p**2 - 30*p + 22. Determine x(q).
22
Suppose 5 = j + 35*p - 40*p, p = -3*j - 17. Let w(v) = -v**3 - 5*v**2 + 2*v + 19. Give w(j).
9
Let q(p) = -p**3 - 4*p**2 - 2*p - 2. Let l be q(-4). Let m(i) = -12*i - 4. Let k(n) = 73*n + 19. Let d(o) = k(o) + 6*m(o). What is d(l)?
1
Let j = -41 + -130. Let f be j/21 - (24/6)/(-28). Let g(s) = s - 2 - 1 + 3. What is g(f)?
-8
Let h be (-1)/2*(53 + -51). Let a(m) = 20*m**3 + 4*m**2 + 6*m - 5. Let t(r) = -60*r**3 - 11*r**2 - 17*r + 14. Let w(k) = -17*a(k) - 6*t(k). What is w(h)?
-21
Let t(m) = -m**3 - 6*m**2 - 6*m - 3. Let b(k) = -k**3 - k**2 + 8*k + 9. Let o be b(-5). Suppose u = -74 + o. Give t(u).
2
Let t(y) = -y**3 + 17*y**2 - 10*y + 3. Let g = 216 - 200. Give t(g).
99
Let k(u) = -50*u + 460. Let v = 45681 + -45672. What is k(v)?
10
Let x(j) = -4997 + 2519 - 2*j**2 + 4*j + 2493. What is x(0)?
15
Let a(n) be the third derivative of 5*n**4/24 - 98*n**3/3 + 80*n**2. Give a(39).
-1
Let p(j) = 10*j + 85. Let d(l) = l + 9. Let g(v) = 6*d(v) - p(v). Give g(-16).
33
Let x = -3155 + 3155. Let h(a) = -16*a - 4. What is h(x)?
-4
Let l(r) = 89*r - 7. Let b(x) = 386*x - 29. Let f(p) = 6*b(p) - 26*l(p). Let v be 3 - (36/4 + -2). Give f(v).
0
Let n(q) = -q**3 - 9*q**2 - 2*q - 20. Suppose -24 + 124 = 4*i - 4*f, 115 = 3*i + 5*f. Suppose 0 = 5*o - 5*m + i, 4 - 37 = 2*o + 5*m. Give n(o).
-2
Let t = -324 - -327. Suppose -4*m + 5*q = 10 - 29, -t*m + 2*q = -16. Let a(c) = -4 + c**3 + 2*c**2 - 3*c**3 + 4*c**2 - c + c**3. Give a(m).
-10
Let p be (-11)/(-22)*2*4. Let d be p*((7/2)/7 - 0). Let i(k) = -k**d - k + 4*k - 5*k + 7. Calculate i(-5).
-8
Let z(v) = -62*v - 12. Let q(a) = -145*a - 23. Let i(j) = -3*q(j) + 7*z(j). Calculate i(9).
-6
Suppose 26 = -20*a + 386. Let o(g) = -g**2 + 18*g + 28. Give o(a).
28
Suppose 2*s - 6*s = 16. Let x(k) be the first derivative of -k**4/24 + k**3/2 + 7*k**2 + k - 21. Let y(v) be the second derivative of x(v). Determine y(s).
7
Let h(t) = -3*t**2 + 17*t + 11. Let m(n) = n**2 - 6*n - 4. Suppose 9*z = 7*z - 66. Let p = z + 27. Let q(x) = p*h(x) - 17*m(x). What is q(2)?
6
Let h(u) be the second derivative of -u**6/720 + u**5/30 + 65*u**4/12 - 49*u. Let a(r) be the third derivative of h(r). Calculate a(3).
1
Let d = 26 - 19. Let b(m) = 9 - 9 - 17 + 9*m - m**2 + 11. Calculate b(d).
8
Let n be (-61)/(-1) - (-10 + 1). Let q be 16/14 + n/(-490). Let p(o) = o - 1. Calculate p(q).
0
Suppose -5*p + 235 = -3*c, p + 0*p + 4*c - 47 = 0. Suppose -4*a + d = 2*d - 24, 5*a - 3*d = p. Let m(o) = o**3 - 7*o**2 - 8. What is m(a)?
-8
Let r(c) = c**2 - 16*c - 65. Let k(m) = 3*m**2 - 34*m - 159. Let n(f) = 2*k(f) - 5*r(f). Give n(-12).
7
Let k(u) be the first derivative of 2*u**3/3 - 68*u - 9792. Give k(-7).
30
Let p(r) = -15*r + 186. Let h be p(12). Let k(o) = 6*o**2 - 36*o + 2. Give k(h).
2
Let u(a) = -a**3 - 7*a**2 + 22*a + 23. Suppose -1812*b = -1825*b - 99 - 18. Determine u(b).
-13
Let v(o) = 31743 + 11*o - o**2 + 0*o**2 - 31731. Give v(9).
30
Suppose 0 = -o + 57*m - 59*m - 4, 12 = -2*o - 5*m. Let s(u) be the first derivative of -3*u**2 + 9 + 3*u - 5/3*u**3 + 1/4*u**o. What is s(6)?
3
Let g(w) = 7*w - 104. Suppose 197*c = 709*c. Give g(c).
-104
Let i be ((-4)/12*0/(-2))/(-1). Let h = i - 4. Let k(y) = -y**3 - 4*y**2 - 4. Give k(h).
-4
Let g(d) = -2*d - 4 + 3*d - d + d. Let v = 36150 + -36156. Give g(v).
-10
Suppose 4*q + 2*k + 16 = -k, 3*q + 12 = -3*k. Let a be (-22)/q*(-24)/12 + 4. Let s(x) be the first derivative of x**3/3 + 9*x**2/2 + 5*x + 2. Determine s(a).
-9
Let l(b) = 10*b - 2. Let z = 50 - 48. Calculate l(z).
18
Let y(h) be the first derivative of -2*h**3 + 65*h**2/2 + 5*h - 483. Give y(11).
-6
Let g be (-156)/(-32) - (13 + 1575/(-120)). Let h(r) = r**3 - 5*r**2 + 6*r + 4. What is h(g)?
34
Let d(i) = -2*i**3 - 17*i**2 + 5*i - 1. Let c be 4*(-15)/10 + 1*-3. What is d(c)?
35
Suppose -4*x - 10 = 5*v, -4*v - 4*x = 33 - 29. Let n(q) = -14*q - 51. Give n(v).
33
Let t = -4777 - -4776. Let m(y) = -11*y + 6. Determine m(t).
17
Let n(t) = 5*t + 1. Suppose 0 = 10*s - 5*s - 425. Let b = s - 53. Suppose 5*y = 17 - b. What is n(y)?
-14
Suppose -4*l + 10 = -2*q, -28*l - 4*q - 10 = -26*l. Let x(z) = -z**2 - 3*z + 1. Give x(l).
-3
Let x(s) = -104*s + 1. Suppose 19*i = 94*i + 74*i - 149. What is x(i)?
-103
Let x(u) be the third derivative of u**4/12 + 17*u**3/3 + 2*u**2 + 52. Determine x(-21).
-8
Let k = -42 + 64. Let t(i) = -29 - 7*i + 55 - k + 2*i. What is t(-6)?
34
Suppose v - 4*g + 5 - 12 = 0, 45 = 3*v - 4*g. Let p(s) = 5*s**2 - 2*s + v + 56 - 72. Give p(3).
42
Suppose 20 = -5*l - 5*k, -2*l + 2*k + 6 - 18 = 0. Let q(a) = -a**3 - 4*a**2 + 2*a - 8. Calculate q(l).
7
Suppose -2*z = -2*z - 5*z. Suppose 10*r - 342 + 62 = z. Let b(c) = 8*c + 19*c - r*c + 1. Determine b(-7).
8
Let w(x) = 54*x + 5. Let c = 6175 - 6174. Give w(c).
59
Let f(j) be the second derivative of j**5/20 + 17*j**4/12 - 17*j**3/6 + 13*j**2/2 - j - 869. Calculate f(-18).
-5
Let j(d) = -2 + 237*d - 211*d - 177. Give j(6).
-23
Suppose -26*u = -59 + 7. Let a(s) = 8*s + s**3 - 2*s + 9*s**u + 382 - 386. Give a(-8).
12
Suppose -9 = -50*b + 47*b. Let p(w) = 0 - 22*w + b*w + 17*w + 3*w**3 - 1. Suppose x + l = -4*l - 26, 5*x + 10 = -l. What is p(x)?
-2
Let o(v) = -265*v**3 + 23*v**2 - 26*v**2 + 53*v**2 + 264*v**3 - 14*v + 706. Give o(50).
6
Let c(x) = x**3 - 7*x**2 - 13*x - 2. Let t be (-54)/(-4)*32/24. Let u be (-3)/t*120/(-4) + 4. Determine c(u).
43
Let u(b) = b**3 + 6*b**2 + 10*b + 2. Suppose -26*q + 67 = -2351. Suppose -g + 90 = q. Give u(g).
-1
Let c(y) = -14*y + 19. Let g(j) = 9*j - 14. Let m(z) = -5*c(z) - 8*g(z). Let k(s) = 3 + s - 4 - 5 - 2. Let q(t) = 5*k(t) + 3*m(t). Give q(9).
2
Let g = 769 + -787. Let m(p) = 2*p + 5. Give m(g).
-31
Let t(v) be the first derivative of -v**4/4 + 8*v**3/3 - 5*v**2/2 - 9*v + 15. Suppose 3*l - 4 = 17. Let r be t(l). Let d(z) = -2*z - 3. Determine d(r).
-13
Let x(v) be the second derivative of 3*v**5/5 - v**4/6 + 2*v**3 - 11*v**2/2 - 168*v + 1. Determine x(1).
11
Let u(g) = -g**3 - 5*g**2 + 7*g + 17. Let l be (-5)/25*4*(-30)/(-4). Calculate u(l).
11
Suppose 145 - 33 = 14*s. Suppose 4*d - s = 2*d. Suppose -d*w + 22 = -8*w - 3*m, 2*w + 10 = -m. Let p(b) = -2*b**2 - 6*b - 3. What is p(w)?
-11
Let y(v) = -2*v - 10. Let a be y(-5). Let z(d) = 0*d - 3 + 4*d + 0 + a. Let c be -2 + 10 + -5 + 3. Calculate z(c).
21
Let o(b) = b**2 - 71*b + 204. Let p be o(3). Let m(d) be the third derivative of -2/15*d**5 + 0 - 1/24*d**4 + 8*d**2 + p*d + 0*d**3. What is m(1)?
-9
Let z(l) = -145*l**3 + 84*l**2 + 1495*l + 127. Let b(h) = 7*h**3 - 4*h**2 - 72*h - 6. Let i(k) = -83*b(k) - 4*z(k). Let y = -8 + 4. What is i(y)?
6
Let n(m) = 3*m + 1. Suppose -5*s = -4*k + k + 25, 4*k - 3*s = 26. Suppose -5 = 4*u + c - 28, c = k*u - 22. Give n(u).
16
Let d(s) be the second derivative of -s**4/12 + s**3/3 + s**2/2 + 2*s - 10. Let t(x) = -4*x**2 + 13*x + 1. Let v(r) = 5*d(r) - t(r). Determine v(-5).
-6
Let o be 10/(-1*2) + -2. Let x(z) be the second derivative of -3/2*z**3 + 0 - 1/12*z**4 - 4*z**2 - 21*z. What is x(o)?
6
Let i be (6 - 6)*(-2)/4. Let o(w) be the third derivative of 21*w**2 + 1/24*w**4 + 0*w**5 - 4/3*w**3 + i + 0*w - 1/120*w**6. Calculate o(0).
-8
Let m(a) = -a**3 - 7*a**2 - 4*a + 5. Let s = 4 + -2. Suppose -4*p = -s*p - 94. Suppose 5 = 7*h + p. Determine m(h).
-7
Let z(p) = 2*p + 17. Let g(u) = 12*u - 7. Let n(y) = -g(y) + 2*z(y). What is n(4)?
9
Let y(o) = -2*o**2 + 30*o - 6. Let u(n) = 2*n. Let f(t) = 6*u(t) - y(t). What is f(7)?
-22
Suppose 69*m + 1067 = -5*m + 327. Let i(d) = -33*d - 334. What is i(m)?
-4
Let t(b) = -56*b**3 - b**2 + 3*b + 3. Let p = 5013 + -5014. Give t(p).
55
Suppose -6*b - 486 = 330. Let h = 127 + b. Let f(l) = -l**2 - 11*l + 10. Give f(h).
28
Let m(w) = 2*w**2 - 11*w - 20. Let s be -7 + 11 + (-8)/(48/(-18)). What is m(s)?
1
Let v(y) = -y - 4. Let m(f) be the third derivative of -1/60*f**5 + 0 + 47/6*f**3 - 29*f**2 + 0*f - f**4. Let i be m(-26). What is v(i)?
1
Let z(m) be the second derivative of m**4/12 + 2*m**3 